he prime factors of d.
2, 7
Suppose 6 = -v - 3*h - 0, h = 0. Let t be (4 - 1)*v/(-9). List the prime factors of 18*(5/t + -2).
3
Let l be (-39)/(-12) - 1/4. Suppose 0 = l*u + 2*u. Suppose u = 4*s + 15 - 63. List the prime factors of s.
2, 3
Let j = -17 - -20. Suppose -37 = -2*p - 2*x - j*x, 3*x = -p + 21. List the prime factors of p.
2, 3
Suppose -4*v = -2*b - 4, 2*b - 12 = -v - 3*v. What are the prime factors of ((-3)/v)/((-3)/52)?
2, 13
Suppose 5*o - 34 = -4*i - 9, -2*o = -3*i - 10. Let a = -2 + o. Suppose -a*d = -5*d + 6. What are the prime factors of d?
3
Let u = 5 + -2. Suppose 4*y - 42 = 2*b, 2*y + 0 = -u*b + 1. What are the prime factors of y?
2
Suppose 0 = 3*s + 5*w - 86, w + 0*w + 2 = 0. What are the prime factors of s?
2
Let v(r) = r**2 + r + 6. What are the prime factors of v(0)?
2, 3
Suppose 0 = -3*n + 7*n - 76. List the prime factors of n.
19
Let q = 78 - -37. List the prime factors of q.
5, 23
Let k = 33 + -15. Suppose t - k = -t. What are the prime factors of t?
3
Let u(q) = 2*q - 12. Let d = -10 + 18. List the prime factors of u(d).
2
Suppose 4*u - 8 = 72. List the prime factors of u.
2, 5
Let y = -209 + 305. List the prime factors of y.
2, 3
Suppose -4*j = -5 - 11. Suppose 28 + 12 = -j*n. Let d = n - -16. What are the prime factors of d?
2, 3
Suppose -20 + 8 = -3*c. Suppose -58 = c*o - 162. Let y = 41 - o. List the prime factors of y.
3, 5
Let b(g) = g - 16. Let d be b(10). Let n = 1 + d. List the prime factors of (0 + n)*(1 + -2).
5
Let v = 9 - 0. Suppose -z - 188 = z. What are the prime factors of z/(-6) - 6/v?
3, 5
List the prime factors of 1/2 + 2061/18.
5, 23
Let p(n) = n**2 - 6*n + 9. Let g be p(-9). Suppose -w - 3*h + 32 = 0, 3*h + 0*h = 3*w - g. List the prime factors of w.
2, 11
Let t(z) = z**3 + 8*z**2 + 9*z + 10. Let h be t(-7). Let q be h/18 + 364/18. Suppose q = f + 6. What are the prime factors of f?
2, 7
Let b(d) = -d**3 + 2*d**2 + 2*d + 7. Let x be b(3). Suppose -i = x*i - 235. What are the prime factors of i?
47
Let v = 6 + -5. Let n(x) = -v + 1 + 1 + x**2. List the prime factors of n(3).
2, 5
Let c be (-2)/(-5) + (-48)/(-30). Suppose 2*u - 2*v - 30 = 0, 0*v = u - c*v - 18. List the prime factors of u.
2, 3
Let z = -23 - -44. What are the prime factors of z?
3, 7
Let j(w) = w**3 - 19*w**2 + 11*w - 28. List the prime factors of j(19).
181
Suppose -2*v - 3*v = 0. Suppose 0*l - l + 17 = v. What are the prime factors of l?
17
Suppose -3*v + 6*v = 198. List the prime factors of v.
2, 3, 11
Suppose -4*j - 180 = -5*z - 5*j, -5*j = 0. Suppose 3*d - 9 - 3 = 0, 0 = 3*l - 3*d - z. List the prime factors of l.
2
Suppose -120 = -2*u - 3*u. Suppose u = -5*z + 139. List the prime factors of z.
23
What are the prime factors of ((-180)/(-14))/((-1)/(-7))?
2, 3, 5
Let k(c) = c**2 + 4*c - 6. Let q be k(-6). What are the prime factors of 70/(-15)*q/(-4)?
7
Let b(o) = -o + 16. Let w be b(11). Suppose -33 - 22 = -w*z. What are the prime factors of z?
11
Let n(g) = 11*g**2 - 2*g - 1. List the prime factors of n(2).
3, 13
Let c be (-4 - -3)/(2/(-30)). Let z = 11 - c. Let q = 0 - z. List the prime factors of q.
2
Let a(v) = 49*v + 2. Let t be a(1). Suppose 5*n - 246 + t = -5*c, -2*c + 4*n + 90 = 0. What are the prime factors of c?
41
Suppose 3*q - 3*l - 24 = 0, 0*q + 18 = 2*q - 3*l. Suppose -q*x + 10*x - 48 = 0. List the prime factors of x.
2, 3
Let c(r) = -4*r**2. Let m be c(-1). Let u(h) be the first derivative of -h**2/2 + h - 2. What are the prime factors of u(m)?
5
Let v = -25 - -15. Let i = v + 19. What are the prime factors of i?
3
Suppose 15 = 4*u + u. Suppose -10 = h - u. Let v = h - -17. List the prime factors of v.
2, 5
Let d be 497/5 - 4/10. Suppose -u = -0*x + 4*x - 7, -5*u + d = 4*x. Suppose 2*z - u = 3. What are the prime factors of z?
13
Let d(a) = -a + 2. List the prime factors of d(-8).
2, 5
Let m(w) = -1 + w - 2*w + 2 - 3*w. List the prime factors of m(-2).
3
Let a(v) = 7 + v + 10 - v**2 - 9 - 11*v. What are the prime factors of a(-9)?
17
Let t = 35 - 20. Suppose 2*k - k + t = 0. List the prime factors of 10/k*(-21)/2.
7
Let g be (-7 - (0 - 2))*-2. Suppose n - 5*n + 4 = 0. Let y = n + g. What are the prime factors of y?
11
Let q(f) = -3*f**2 - f - 1. Let t(d) = -4*d**2 - 1. Let c(m) = -5*q(m) + 4*t(m). What are the prime factors of c(3)?
7
Let y = 29 - 43. Let c = 19 + y. What are the prime factors of c?
5
Let c be (-7 - -12)*(-6)/10. Let g(o) = 4*o**2 + o + 6*o**3 + 0*o**2 - 5*o**3. List the prime factors of g(c).
2, 3
What are the prime factors of 2/9 - 204/(-54)?
2
Let k(n) = 5*n**2 - n. Let w be k(-1). Let r(b) = -b - 3. Let h be r(-5). Let g = w + h. What are the prime factors of g?
2
What are the prime factors of 30/(-7)*112/(-24)?
2, 5
Let s = 7 + -5. Suppose 2*k - 2 = s. Suppose 4*x = 16, 3*f - k*x = 5 + 20. What are the prime factors of f?
11
Let l = -42 - -121. What are the prime factors of l?
79
Let w(n) = n**2 - 4*n - 2. Let m be w(4). List the prime factors of 0 - (2 + -4 + m).
2
Suppose 0 = -3*d + 47 + 28. Suppose -4*z = -d - 23. What are the prime factors of z?
2, 3
Let n(b) = 14*b**2 + 13*b - 4. List the prime factors of n(-5).
281
Suppose -2*l = -0*l. Suppose 199 = 5*c + 5*m - 26, l = -5*c + m + 195. List the prime factors of c.
2, 5
Suppose -4*m + 15 = -9. Let u(x) = -6 + x + m. What are the prime factors of u(2)?
2
List the prime factors of (199 - -1) + -32 + 26.
2, 97
Suppose 144 = r + 3*a - 2*a, r - 150 = -4*a. What are the prime factors of r?
2, 71
Suppose 0 = -5*t + 44 + 6. Let q(l) be the first derivative of l**4/4 - 3*l**3 - 4*l**2 - 4*l + 3. List the prime factors of q(t).
2
Suppose -4*c = -8, 5*c - 6 = f - 37. What are the prime factors of f?
41
Let i(f) = 2*f**2 + 14*f - 13. Let x(c) = c**2 + 7*c - 6. Let g(o) = -2*i(o) + 5*x(o). Let l(v) = 3*v. Let d be l(-3). What are the prime factors of g(d)?
2, 7
Suppose -5*v + 4*v - 29 = 0. Suppose -3*w + 6 = 0, 0 = -5*j + w - 31 - 56. Let a = j - v. List the prime factors of a.
2, 3
Let y = -71 - -117. What are the prime factors of y?
2, 23
Let w(s) = s**3 + 15*s**2 - 23*s - 13. What are the prime factors of w(-16)?
3, 11
Let q(n) be the third derivative of -n**6/120 - n**5/15 - n**3/6 - n**2. Let p be q(-4). List the prime factors of 20*p*2/(-4).
2, 5
What are the prime factors of (-7)/(28/(-208)) + 4?
2, 7
Let o(l) = 2*l**2 - 11*l + 25. What are the prime factors of o(10)?
5, 23
Suppose 3*f - 8 - 34 = 0. List the prime factors of f.
2, 7
Suppose -2*l - 2*l + 108 = 0. What are the prime factors of l?
3
Let i(u) be the second derivative of u**5/120 + 13*u**4/24 + u**3/6 + 3*u. Let w(n) be the second derivative of i(n). List the prime factors of w(0).
13
Let x = 1 + -3. Let s(b) = -18*b + 2. What are the prime factors of s(x)?
2, 19
Let a be 4/(-6) + (-76)/(-6). Suppose -a = -l - 0*l. What are the prime factors of l?
2, 3
Let n be (-1 - 0 - 1) + 13. Let s = n + -3. Let j(b) = b - 4. What are the prime factors of j(s)?
2
Suppose 5*s + 0*s + 4*f = 120, 5*s - 115 = -3*f. What are the prime factors of s?
2, 5
Let y(i) = i**2 - 4*i - 2. Let s be y(5). Suppose 5*k - 4 = 2*a, -s*a - 2*a = -5*k - 5. Suppose 42 = a*d + 3. What are the prime factors of d?
13
Suppose 26 = -2*s - 26. Let y = 40 + s. What are the prime factors of y?
2, 7
Let j be (0/(-1 - -3))/(-1). Suppose 0*f + 5*f - 25 = j. Suppose -f*u + 68 + 2 = 0. List the prime factors of u.
2, 7
Suppose 2*i = -i + 126. What are the prime factors of i?
2, 3, 7
Suppose -31 - 87 = -2*r. List the prime factors of r.
59
Let p(w) = 2 + 3*w - w + 0*w. Let s = -4 + 7. What are the prime factors of p(s)?
2
Suppose 5*m = 4*x + 15, -x - 9 = -3*m + 2*x. Suppose -m*z = 4*c - 17 - 36, 4*c = 4*z + 60. List the prime factors of c.
2, 7
Let h = -3 + 7. Suppose 2*z + 47 = -3*k, -z + h*k = -4*z - 72. Let l = z - -42. What are the prime factors of l?
2, 7
Let a be 702/12 + 2/(-4). Let t = -35 + a. List the prime factors of t.
23
Let a(c) = -c - 1. Let x be a(3). List the prime factors of 1*12 + x/(-2).
2, 7
Let b(d) = d**2 - 4*d - 3. Let c be b(5). What are the prime factors of (-24)/16 - (-7)/c?
2
List the prime factors of (-2)/((-2)/97 - 0).
97
Let s(b) = -2*b + 2*b - b - 3. List the prime factors of s(-12).
3
Let p = -22 + 42. Let z = 40 - p. What are the prime factors of z?
2, 5
Let p be 5/4*4/(-1). Let s(i) = -i**